{"id":412,"date":"2022-07-11T15:19:20","date_gmt":"2022-07-11T18:19:20","guid":{"rendered":"https:\/\/cristaisluzesdeana.com.br\/?post_type=product&#038;p=412"},"modified":"2025-12-18T12:30:17","modified_gmt":"2025-12-18T15:30:17","slug":"obelisco","status":"publish","type":"product","link":"https:\/\/cristaisluzesdeana.com.br\/novo\/produto\/obelisco\/","title":{"rendered":"Obelisco"},"content":{"rendered":"<p>Os Obeliscos de Cristal s\u00e3o grandes pilares de energia ajudam a dissipar as energias negativas que se formam em nossas vida, as dificuldades do dia a dia e abre caminhos. A palavra obelisco vem do grego obeliscos, que significa &#8220;pilar&#8221;. N\u00f3s traz bem estar e nos ajuda a termos uma vida plena. Podem ser usados em todos os ambientes no escrit\u00f3rio e em casa. Como limpar seu Obelisco: Pode ser lavado em \u00e1gua corrente e deixe-o no sol por algumas horas. Este valor e por unidade. Os Obeliscos s\u00e3o de Pedras Natural e temos tr\u00eas tamanhos a sua escolha.<\/p>\n","protected":false},"excerpt":{"rendered":"<p>Os Obeliscos de Cristal s\u00e3o grandes pilares de energia ajudam a dissipar as energias negativas que se formam em nossas vida, as dificuldades do dia a dia e abre caminhos.<\/p>\n","protected":false},"featured_media":1288,"comment_status":"open","ping_status":"closed","template":"","meta":[],"product_cat":[23,62,30,31,66,40,42],"product_tag":[],"class_list":{"0":"post-412","1":"product","2":"type-product","3":"status-publish","4":"has-post-thumbnail","6":"product_cat-acessorios","7":"product_cat-cristais-para-decoracao","8":"product_cat-decoracao","9":"product_cat-diversos","10":"product_cat-obeliscos","11":"product_cat-pedras-e-cristais","12":"product_cat-pedras-cristais","14":"first","15":"instock","16":"shipping-taxable","17":"purchasable","18":"product-type-simple"},"_links":{"self":[{"href":"https:\/\/cristaisluzesdeana.com.br\/novo\/wp-json\/wp\/v2\/product\/412","targetHints":{"allow":["GET"]}}],"collection":[{"href":"https:\/\/cristaisluzesdeana.com.br\/novo\/wp-json\/wp\/v2\/product"}],"about":[{"href":"https:\/\/cristaisluzesdeana.com.br\/novo\/wp-json\/wp\/v2\/types\/product"}],"replies":[{"embeddable":true,"href":"https:\/\/cristaisluzesdeana.com.br\/novo\/wp-json\/wp\/v2\/comments?post=412"}],"wp:featuredmedia":[{"embeddable":true,"href":"https:\/\/cristaisluzesdeana.com.br\/novo\/wp-json\/wp\/v2\/media\/1288"}],"wp:attachment":[{"href":"https:\/\/cristaisluzesdeana.com.br\/novo\/wp-json\/wp\/v2\/media?parent=412"}],"wp:term":[{"taxonomy":"product_cat","embeddable":true,"href":"https:\/\/cristaisluzesdeana.com.br\/novo\/wp-json\/wp\/v2\/product_cat?post=412"},{"taxonomy":"product_tag","embeddable":true,"href":"https:\/\/cristaisluzesdeana.com.br\/novo\/wp-json\/wp\/v2\/product_tag?post=412"}],"curies":[{"name":"wp","href":"https:\/\/api.w.org\/{rel}","templated":true}]}}