{"id":45,"date":"2022-06-27T12:05:57","date_gmt":"2022-06-27T15:05:57","guid":{"rendered":"https:\/\/cristaisluzesdeana.com.br\/?post_type=product&#038;p=45"},"modified":"2025-12-18T12:33:43","modified_gmt":"2025-12-18T15:33:43","slug":"produto-09","status":"publish","type":"product","link":"https:\/\/cristaisluzesdeana.com.br\/novo\/produto\/produto-09\/","title":{"rendered":"Quartzo Rosa"},"content":{"rendered":"<p>Quartzo Rosa \u00e9 um Cristal 100% natural. Este Cristal \u00e9 considerado a pedra do amor e da paz, possibilita a cura interior e a cura emocional. Pode ser usada em todos os ambientes e principalmente em acess\u00f3rios. Ele estabiliza o cora\u00e7\u00e3o e a circula\u00e7\u00e3o, ameniza o stress e auxilia na cura do Alzheimer e Parkinson. Combate doen\u00e7as renais e gl\u00e2ndulas suprarrenais. Afasta medos e ansiedade e possibilita viver a vida com toda intensidade do Amor Universal. Como limpar seu Quartzo Rosa: Lave-o em \u00e1gua corrente e deixe-a no sol por apenas 20 minutos.<\/p>\n","protected":false},"excerpt":{"rendered":"<p>Quartzo Rosa \u00e9 um Cristal 100% natural. \u00c9 considerado a pedra do amor e da paz, possibilita a cura interior e a cura emocional. Ele estabiliza o cora\u00e7\u00e3o e a circula\u00e7\u00e3o ameniza o stress e auxilia na cura do Alzheimer e Parkinson. Combate doen\u00e7as renais e gl\u00e2ndulas suprarrenais. Afasta medos e ansiedade e possibilita viver a vida com toda intensidade do Amor Universal.<\/p>\n","protected":false},"featured_media":29,"comment_status":"open","ping_status":"closed","template":"","meta":[],"product_cat":[23,60,61,62,30,31,64,66,40,42,43,44],"product_tag":[],"class_list":{"0":"post-45","1":"product","2":"type-product","3":"status-publish","4":"has-post-thumbnail","6":"product_cat-acessorios","7":"product_cat-chaveiros","8":"product_cat-coracoes","9":"product_cat-cristais-para-decoracao","10":"product_cat-decoracao","11":"product_cat-diversos","12":"product_cat-esferas","13":"product_cat-obeliscos","14":"product_cat-pedras-e-cristais","15":"product_cat-pedras-cristais","16":"product_cat-pingentes","17":"product_cat-piramides","19":"first","20":"instock","21":"shipping-taxable","22":"purchasable","23":"product-type-simple"},"_links":{"self":[{"href":"https:\/\/cristaisluzesdeana.com.br\/novo\/wp-json\/wp\/v2\/product\/45","targetHints":{"allow":["GET"]}}],"collection":[{"href":"https:\/\/cristaisluzesdeana.com.br\/novo\/wp-json\/wp\/v2\/product"}],"about":[{"href":"https:\/\/cristaisluzesdeana.com.br\/novo\/wp-json\/wp\/v2\/types\/product"}],"replies":[{"embeddable":true,"href":"https:\/\/cristaisluzesdeana.com.br\/novo\/wp-json\/wp\/v2\/comments?post=45"}],"wp:featuredmedia":[{"embeddable":true,"href":"https:\/\/cristaisluzesdeana.com.br\/novo\/wp-json\/wp\/v2\/media\/29"}],"wp:attachment":[{"href":"https:\/\/cristaisluzesdeana.com.br\/novo\/wp-json\/wp\/v2\/media?parent=45"}],"wp:term":[{"taxonomy":"product_cat","embeddable":true,"href":"https:\/\/cristaisluzesdeana.com.br\/novo\/wp-json\/wp\/v2\/product_cat?post=45"},{"taxonomy":"product_tag","embeddable":true,"href":"https:\/\/cristaisluzesdeana.com.br\/novo\/wp-json\/wp\/v2\/product_tag?post=45"}],"curies":[{"name":"wp","href":"https:\/\/api.w.org\/{rel}","templated":true}]}}